t is the tens digit of a(-2)?
1
Suppose 0*k - 44 = -4*k. Let p = k - 7. Let m = 6 + p. What is the units digit of m?
0
Let i be 37/4 + (-1)/4. Let d be i/(-4)*(-80)/3. Suppose d = 4*c - 24. What is the units digit of c?
1
Let n(t) = -6 - 3*t + 6*t**2 - t**3 + 0 + 0*t. Suppose -2*x + 0*x = -10. What is the units digit of n(x)?
4
Suppose -9 = -r - 4. Suppose -r = u - 3*p, 3*p - 2*p - 7 = u. Let f = 4 - u. What is the units digit of f?
2
Suppose 2*w - 6 = 4. What is the units digit of w?
5
Let m(k) = -k**3 - k**2 - k + 2. What is the units digit of m(-3)?
3
Let c(w) = -w**2 + 8*w - 10. Let a be c(7). Let x be (-3)/(-9) + 50/(-6). Let m = a - x. What is the units digit of m?
5
Suppose 0*y + 52 = y. What is the units digit of y?
2
Let d be 20/(-8) + 9/6. What is the tens digit of -3 + 18 + (2 - d)?
1
Suppose -6*w + 96 = -5*w. What is the tens digit of w?
9
Let g(m) = m**3 + 6*m**2 + 3*m - 5. Let o be g(-5). Suppose -3*r + r = -t - 27, 3*r - 8 = -o*t. What is the tens digit of r?
1
Let a(k) = -k**2 - 5*k + 4. Let n be a(-5). Suppose 3 + 5 = 4*l. Suppose 0 = -m + n - l. What is the units digit of m?
2
Suppose -3*p - 2*p - b = -415, p - 97 = -3*b. What is the units digit of p?
2
Suppose -5*f - 2*s = -41, -3*f + 10 - 1 = -4*s. What is the units digit of f?
7
Suppose 0 = 3*z - 2*h - 2, 7 = -h + 3. What is the tens digit of (z + 3)/(5/125)?
2
Let r(z) = 0*z + 1 - 9*z + z**2 + 0*z**3 + z**3 - 9*z**2. What is the units digit of r(9)?
1
Let y(u) = -53*u + 33. What is the units digit of y(-4)?
5
Suppose 9*p = 2*p + 994. What is the units digit of p?
2
Suppose 2*m + 32 = 6*m. Let r = m + -5. What is the units digit of r?
3
Suppose -11 = 2*h - 3*h. Let r(b) = -b**2 + 11*b + 16. What is the units digit of r(h)?
6
Let d(n) = -n**3 + 7*n**2 - 5*n - 8. Let c be d(6). Let r(j) = -7*j - 2. What is the units digit of r(c)?
2
Let t be (-52)/(-10) - 3/15. Suppose -x = 3*x - t*s - 25, -5*x - 5*s = -20. What is the units digit of x?
5
Let t = -21 + 37. What is the tens digit of t?
1
Let x(p) = 25*p - 3. What is the units digit of x(4)?
7
Let d(b) = -3*b**2 - b. Let m = -4 - -3. Let i be d(m). Let y = 9 - i. What is the tens digit of y?
1
What is the units digit of ((-16)/12)/4*-201?
7
Let f(m) be the first derivative of 2*m**2 - 6*m + 7. What is the units digit of f(5)?
4
Let l be -1 + 2 + (-2 - -3). Let w be l/3*(1 + -4). What is the units digit of (w - -1)*(-5)/1?
5
Let q be (1 - (-7 - 3))*1. Let z = 9 + q. What is the units digit of z?
0
Let v(u) = -5*u**2 + 4*u**2 + 11*u - 2 - 7. What is the units digit of v(10)?
1
Let m be (-10)/(-2)*(-4)/(-5). Suppose -q = m*q - 20. What is the units digit of q?
4
Let m = 21 + -13. Let u = -1 + m. What is the units digit of u?
7
Let x = -14 + 42. What is the units digit of x?
8
Let b(x) = -6*x**3 - 4*x**2 - 3. What is the units digit of b(-3)?
3
Let n = 3 - 0. Suppose 0 = -4*q - n*c + 49, 2*q - 7*c + 3*c - 8 = 0. What is the tens digit of q?
1
Let k(j) = -j**3 - 4*j**2 + 5*j + 1. Let t be k(-5). Let n = 7 - t. What is the units digit of n?
6
Let z = -106 + 211. What is the units digit of z*(-3 + (-20)/(-6))?
5
Let a(s) = 3*s + s + 1 + s**2 + s. Let c be a(-4). What is the units digit of ((-1)/(-3))/((-1)/c)?
1
Suppose -38 = -3*f - 5*b, 2*f - 74 = -3*f - 3*b. Let n = 16 + -24. Let g = n + f. What is the units digit of g?
8
Let m(w) = -w**2 + 8*w - 5. Let r be m(7). Suppose 3*q - 2*x = 81, 2*x - 81 = -3*q - r*x. What is the units digit of q?
7
Let w = 2 - -1. Suppose -5*b - 32 = -4*k, 0 = -2*k - w*k + 3*b + 40. What is the units digit of k?
8
Let n = -87 - -164. What is the units digit of n?
7
Let f(r) = r**2 + 6*r + 5. Let d be f(-6). Suppose 0 = -d*u - 4*m + 111, 2*m + 107 = 5*u + 5*m. What is the units digit of u?
9
Suppose -22 = y + 5*q, 2*q = -0*y - y - 7. What is the units digit of y?
3
Suppose 2*a + 3*a = 60. What is the tens digit of a?
1
Suppose 4*k + 5*t = -90 + 498, -5*k = t - 510. What is the units digit of k?
2
Suppose a + 48 = 5*a. Suppose -4*r - 21 - a = -3*t, -2*r + 33 = 3*t. What is the tens digit of t?
1
Let q(s) = s**3 - 7*s**2 - 2*s + 17. Let n be q(7). Suppose -f - 109 = -n*u + 43, 5*f = 4*u - 199. What is the units digit of u?
1
Let b = -10 + 37. Suppose 0 = o + 1 - 14. Let l = b - o. What is the units digit of l?
4
Let s(l) = -l**3 - 5*l**2 - l - 7. Let i be s(-5). What is the units digit of (-2)/(2/4*i)?
2
Let r(y) = y**3 + 7*y**2 + 6*y + 4. Let o be r(-6). Suppose -3*b + b + 5*q + 11 = 0, -o*q - 13 = -3*b. What is the units digit of b?
3
Suppose 1 = -4*v - 7. Let c be v + 2 + 2 + 0. Suppose -2*t + 6 = 5*u + c*t, -u - 2*t = 0. What is the units digit of u?
2
Suppose 0 = -3*u + 5*q + 95, 4*u - 62 = 2*u + 3*q. What is the tens digit of u?
2
What is the units digit of ((-3)/(-2))/((66/1240)/11)?
0
Let c = 16 + -29. Let d = c - -28. Suppose 4*a = i + 47, -5*a + 6*a + 3*i - d = 0. What is the units digit of a?
2
Let u = 53 + -14. Suppose -3*c = 4*x - u, -2*c = -0*x - x + 18. What is the units digit of x?
2
Let u = 41 + -9. Suppose 0*o = 5*o - h - 41, -4*o = -h - u. What is the units digit of o/(0 + -3) + 6?
3
Let g(z) = 2*z**2 - 14*z + 29. What is the tens digit of g(7)?
2
Suppose 2*h - 5*f - 2 = 0, 4*h + h - 3*f = 43. What is the tens digit of h/(-4)*16/(-4)?
1
Let j be 45/(-12) + (-1)/4. What is the units digit of 8/j*(-1)/2?
1
Let r(d) = -d**2 + 3*d. Let x be r(2). Suppose 3*b = x*b + 2. What is the units digit of b?
2
Suppose 4*g - 6 = g. Suppose -6*d = -g*d. Suppose 4*y - 10 - 6 = d. What is the units digit of y?
4
Suppose 0 = -0*k - 4*k - 12. Let w = 3 + k. Suppose -1 = -w*v - v. What is the units digit of v?
1
Let b(g) = g**2 - 2*g**2 - 5*g + g - 4 - 7*g. What is the tens digit of b(-9)?
1
Let p(x) = x**2 + 7*x - 10. Let j be p(-8). What is the units digit of -34*(j + (3 - 2))?
4
Let m(u) = u**2 + 4*u + 6. What is the tens digit of m(-6)?
1
Let t = 132 - 79. What is the tens digit of t?
5
Let k = 36 - 24. Let b be k*(3/2 + -2). Let g = b + 10. What is the units digit of g?
4
Let f(i) = -i**3 - 2*i**2 + 3*i + 2. Let k be f(-3). Suppose -6 = -3*d + 3. Suppose -4*t + 24 = k*u, -d*u - 5*t = -0*u - 33. What is the units digit of u?
6
Suppose 4*g - 119 = 4*l - l, 0 = -5*l - 2*g - 207. Let y = -17 - l. What is the tens digit of y?
2
Let y = 3 - 0. Let p = -3 - y. Let j(o) = -o**2 - 8*o + 3. What is the units digit of j(p)?
5
Let m be ((-8)/4)/2 - -1. Let x(b) = -b**3 - b + 31. What is the units digit of x(m)?
1
Suppose 17 = 2*m - 5*z, -m + 5*z = -3*m - 13. What is the units digit of m/(-3)*240/(-8)?
0
Let u(k) = 2*k + 2. Let f be 2/4*(-48)/(-4). Let v(n) = 5*n + 4. Let o(d) = f*v(d) - 13*u(d). What is the units digit of o(2)?
6
Let m be (-5)/(-25) - (-124)/5. Let o be (-15)/m*1*-5. Suppose -2*d + 6 = o*c, 9 = 3*d + c - 3*c. What is the units digit of d?
3
Let r = -74 - -253. What is the units digit of r?
9
Suppose 81 = 5*w + 21. What is the tens digit of w?
1
Let s = -95 - -36. Let t = 83 + s. What is the tens digit of t?
2
Suppose a + 4*m = 113, 4*m - 6*m - 488 = -4*a. What is the tens digit of 8/(-28) + a/7?
1
What is the units digit of 6/(-14) + 1800/84?
1
Suppose 0 = 5*c - 3*y - 36 - 89, -4*c = 5*y - 100. What is the tens digit of c?
2
Let q = -29 - -43. Suppose 2 = -3*p + q. What is the units digit of p?
4
Suppose -2*a = 3*a + 20, 0 = z - 2*a - 161. Suppose -2*m + z = 5*l - m, -5*l + 135 = -5*m. What is the tens digit of l?
3
Suppose 5*q + 2*w = 7*w + 85, -q = 4*w - 22. What is the units digit of q?
8
Let y(v) = -v**2 + v + 3. Let m be y(0). Suppose -3*a = -a + 2*j - 4, -m*a - 2*j + 8 = 0. Suppose -3*i + 11 = -a. What is the units digit of i?
5
Let j(g) = -4*g + 54. What is the tens digit of j(-16)?
1
Let y = -3 - 9. Let p(i) = -i - 10. What is the units digit of p(y)?
2
What is the tens digit of 10/35 + 1382/14?
9
What is the units digit of (-3 + 10 + 3)/1?
0
What is the tens digit of (3874/(-65))/((-6)/15)?
4
Let l = -34 + 59. Suppose t = 2*p - 4, 0*p - 5*p - 5*t = -l. Suppose p*w + 4 = 19. What is the units digit of w?
5
Let o(c) = c**3 - 10*c**2 + 6*c - 7. Let f be o(9). Let g = f + 47. What is the units digit of g?
3
Suppose 2*u - 95 = -3*u. What is the tens digit of u?
1
Suppose -l + 7 + 1 = 0. What is the units digit of l?
8
Suppose -4*m + 0 = 3*f - 12, -4 = -f + 4*m. Let r be (-1)/(-1 - (-6)/8). S